{"id":172,"date":"2022-12-14T17:49:41","date_gmt":"2022-12-14T17:49:41","guid":{"rendered":"https:\/\/gpinsp.com.br\/?page_id=172"},"modified":"2023-06-14T19:56:56","modified_gmt":"2023-06-14T19:56:56","slug":"trabalhe-conosco","status":"publish","type":"page","link":"https:\/\/gpinsp.com.br\/?page_id=172","title":{"rendered":"Trabalhe conosco."},"content":{"rendered":"\n<p class=\"has-text-align-center has-white-color has-black-background-color has-text-color has-background has-normal-font-size\"><strong>Preencha o formul\u00e1rio e envie seu curr\u00edculo<\/strong><\/p>\n\n\n<div class=\"wpforms-container wpforms-container-full wpforms-block\" id=\"wpforms-173\"><form id=\"wpforms-form-173\" class=\"wpforms-validate wpforms-form wpforms-ajax-form\" data-formid=\"173\" method=\"post\" enctype=\"multipart\/form-data\" action=\"\/index.php?rest_route=%2Fwp%2Fv2%2Fpages%2F172\" data-token=\"d52b29130d832e1144bc536289d67f9c\" data-token-time=\"1775857266\"><noscript class=\"wpforms-error-noscript\">Please enable JavaScript in your browser to complete this form.<\/noscript><div class=\"wpforms-field-container\"><div id=\"wpforms-173-field_0-container\" class=\"wpforms-field wpforms-field-name\" data-field-id=\"0\"><label class=\"wpforms-field-label\" for=\"wpforms-173-field_0\">Nome completo <span class=\"wpforms-required-label\">*<\/span><\/label><input type=\"text\" id=\"wpforms-173-field_0\" class=\"wpforms-field-large wpforms-field-required\" name=\"wpforms[fields][0]\" required><\/div><div id=\"wpforms-173-field_10-container\" class=\"wpforms-field wpforms-field-text\" data-field-id=\"10\"><label class=\"wpforms-field-label\" for=\"wpforms-173-field_10\">Idade <span class=\"wpforms-required-label\">*<\/span><\/label><input type=\"text\" id=\"wpforms-173-field_10\" class=\"wpforms-field-medium wpforms-field-required\" name=\"wpforms[fields][10]\" required><\/div><div id=\"wpforms-173-field_11-container\" class=\"wpforms-field wpforms-field-text\" data-field-id=\"11\"><label class=\"wpforms-field-label\" for=\"wpforms-173-field_11\">Estado civil <span class=\"wpforms-required-label\">*<\/span><\/label><input type=\"text\" id=\"wpforms-173-field_11\" class=\"wpforms-field-medium wpforms-field-required\" name=\"wpforms[fields][11]\" required><\/div><div id=\"wpforms-173-field_13-container\" class=\"wpforms-field wpforms-field-radio\" data-field-id=\"13\"><label class=\"wpforms-field-label\" for=\"wpforms-173-field_13\">Tem filhos? <span class=\"wpforms-required-label\">*<\/span><\/label><ul id=\"wpforms-173-field_13\" class=\"wpforms-field-required\"><li class=\"choice-1 depth-1\"><input type=\"radio\" id=\"wpforms-173-field_13_1\" name=\"wpforms[fields][13]\" value=\"Sim\" required ><label class=\"wpforms-field-label-inline\" for=\"wpforms-173-field_13_1\">Sim<\/label><\/li><li class=\"choice-2 depth-1\"><input type=\"radio\" id=\"wpforms-173-field_13_2\" name=\"wpforms[fields][13]\" value=\"N\u00e3o\" required ><label class=\"wpforms-field-label-inline\" for=\"wpforms-173-field_13_2\">N\u00e3o<\/label><\/li><\/ul><\/div><div id=\"wpforms-173-field_12-container\" class=\"wpforms-field wpforms-field-text\" data-field-id=\"12\"><label class=\"wpforms-field-label\" for=\"wpforms-173-field_12\">Quantos?<\/label><input type=\"text\" id=\"wpforms-173-field_12\" class=\"wpforms-field-medium\" name=\"wpforms[fields][12]\" ><\/div><div id=\"wpforms-173-field_14-container\" class=\"wpforms-field wpforms-field-text\" data-field-id=\"14\"><label class=\"wpforms-field-label\" for=\"wpforms-173-field_14\">Onde reside?  <span class=\"wpforms-required-label\">*<\/span><\/label><input type=\"text\" id=\"wpforms-173-field_14\" class=\"wpforms-field-medium wpforms-field-required\" name=\"wpforms[fields][14]\" required><div class=\"wpforms-field-description\">Estado, cidade, bairro, rua e numero de endere\u00e7o.<\/div><\/div><div id=\"wpforms-173-field_16-container\" class=\"wpforms-field wpforms-field-radio\" data-field-id=\"16\"><label class=\"wpforms-field-label\" for=\"wpforms-173-field_16\">Tem vicios? <span class=\"wpforms-required-label\">*<\/span><\/label><ul id=\"wpforms-173-field_16\" class=\"wpforms-field-required\"><li class=\"choice-1 depth-1\"><input type=\"radio\" id=\"wpforms-173-field_16_1\" name=\"wpforms[fields][16]\" value=\"Sim\" required ><label class=\"wpforms-field-label-inline\" for=\"wpforms-173-field_16_1\">Sim<\/label><\/li><li class=\"choice-2 depth-1\"><input type=\"radio\" id=\"wpforms-173-field_16_2\" name=\"wpforms[fields][16]\" value=\"N\u00e3o\" required ><label class=\"wpforms-field-label-inline\" for=\"wpforms-173-field_16_2\">N\u00e3o<\/label><\/li><\/ul><\/div><div id=\"wpforms-173-field_15-container\" class=\"wpforms-field wpforms-field-text\" data-field-id=\"15\"><label class=\"wpforms-field-label\" for=\"wpforms-173-field_15\">Se sim qual?<\/label><input type=\"text\" id=\"wpforms-173-field_15\" class=\"wpforms-field-medium\" name=\"wpforms[fields][15]\" ><div class=\"wpforms-field-description\">Fumo, alcoolismo e etc&#8230; <\/div><\/div><div id=\"wpforms-173-field_17-container\" class=\"wpforms-field wpforms-field-radio\" data-field-id=\"17\"><label class=\"wpforms-field-label\" for=\"wpforms-173-field_17\">Possui alguma defici\u00eancia?  <span class=\"wpforms-required-label\">*<\/span><\/label><ul id=\"wpforms-173-field_17\" class=\"wpforms-field-required\"><li class=\"choice-1 depth-1\"><input type=\"radio\" id=\"wpforms-173-field_17_1\" name=\"wpforms[fields][17]\" value=\"Sim\" required ><label class=\"wpforms-field-label-inline\" for=\"wpforms-173-field_17_1\">Sim<\/label><\/li><li class=\"choice-2 depth-1\"><input type=\"radio\" id=\"wpforms-173-field_17_2\" name=\"wpforms[fields][17]\" value=\"N\u00e3o\" required ><label class=\"wpforms-field-label-inline\" for=\"wpforms-173-field_17_2\">N\u00e3o<\/label><\/li><\/ul><\/div><div id=\"wpforms-173-field_18-container\" class=\"wpforms-field wpforms-field-checkbox\" data-field-id=\"18\"><label class=\"wpforms-field-label\" for=\"wpforms-173-field_18\">Se sim qual?<\/label><ul id=\"wpforms-173-field_18\"><li class=\"choice-1 depth-1\"><input type=\"checkbox\" id=\"wpforms-173-field_18_1\" name=\"wpforms[fields][18][]\" value=\"Defici\u00eancia Auditiva.\"  ><label class=\"wpforms-field-label-inline\" for=\"wpforms-173-field_18_1\">Defici\u00eancia Auditiva.<\/label><\/li><li class=\"choice-2 depth-1\"><input type=\"checkbox\" id=\"wpforms-173-field_18_2\" name=\"wpforms[fields][18][]\" value=\"Defici\u00eancia Visual.\"  ><label class=\"wpforms-field-label-inline\" for=\"wpforms-173-field_18_2\">Defici\u00eancia Visual.<\/label><\/li><li class=\"choice-3 depth-1\"><input type=\"checkbox\" id=\"wpforms-173-field_18_3\" name=\"wpforms[fields][18][]\" value=\"Defici\u00eancia Intelectual.\"  ><label class=\"wpforms-field-label-inline\" for=\"wpforms-173-field_18_3\">Defici\u00eancia Intelectual.<\/label><\/li><li class=\"choice-5 depth-1\"><input type=\"checkbox\" id=\"wpforms-173-field_18_5\" name=\"wpforms[fields][18][]\" value=\"Defici\u00eancia Psicossocial ou por Sa\u00fade Mental.\"  ><label class=\"wpforms-field-label-inline\" for=\"wpforms-173-field_18_5\">Defici\u00eancia Psicossocial ou por Sa\u00fade Mental.<\/label><\/li><li class=\"choice-4 depth-1\"><input type=\"checkbox\" id=\"wpforms-173-field_18_4\" name=\"wpforms[fields][18][]\" value=\"Defici\u00eancia M\u00faltipla.\"  ><label class=\"wpforms-field-label-inline\" for=\"wpforms-173-field_18_4\">Defici\u00eancia M\u00faltipla.<\/label><\/li><\/ul><\/div><div id=\"wpforms-173-field_19-container\" class=\"wpforms-field wpforms-field-text\" data-field-id=\"19\"><label class=\"wpforms-field-label\" for=\"wpforms-173-field_19\">Qual a defici\u00eancia?<\/label><input type=\"text\" id=\"wpforms-173-field_19\" class=\"wpforms-field-medium\" name=\"wpforms[fields][19]\" ><\/div><div id=\"wpforms-173-field_1-container\" class=\"wpforms-field wpforms-field-email\" data-field-id=\"1\"><label class=\"wpforms-field-label\" for=\"wpforms-173-field_1\">E-mail <span class=\"wpforms-required-label\">*<\/span><\/label><div class=\"wpforms-field-row wpforms-field-medium\"><div class=\"wpforms-field-row-block wpforms-one-half wpforms-first\"><input type=\"email\" id=\"wpforms-173-field_1\" class=\"wpforms-field-required wpforms-field-email-primary\" name=\"wpforms[fields][1][primary]\" spellcheck=\"false\" required><label for=\"wpforms-173-field_1\" class=\"wpforms-field-sublabel after\">Email<\/label><\/div><div class=\"wpforms-field-row-block wpforms-one-half\"><input type=\"email\" id=\"wpforms-173-field_1-secondary\" class=\"wpforms-field-email-secondary wpforms-field-required\" data-rule-confirm=\"#wpforms-173-field_1\" name=\"wpforms[fields][1][secondary]\" spellcheck=\"false\" required><label for=\"wpforms-173-field_1-secondary\" class=\"wpforms-field-sublabel after\">Confirm Email<\/label><\/div><\/div><\/div><div id=\"wpforms-173-field_7-container\" class=\"wpforms-field wpforms-field-number\" data-field-id=\"7\"><label class=\"wpforms-field-label\" for=\"wpforms-173-field_7\">Numero de telefone <span class=\"wpforms-required-label\">*<\/span><\/label><input type=\"number\" id=\"wpforms-173-field_7\" class=\"wpforms-field-medium wpforms-field-required\" name=\"wpforms[fields][7]\" required><\/div><div id=\"wpforms-173-field_2-container\" class=\"wpforms-field wpforms-field-textarea\" data-field-id=\"2\"><label class=\"wpforms-field-label\" for=\"wpforms-173-field_2\">Resumo forma\u00e7\u00e3o acad\u00eamica <span class=\"wpforms-required-label\">*<\/span><\/label><textarea id=\"wpforms-173-field_2\" class=\"wpforms-field-large wpforms-field-required\" name=\"wpforms[fields][2]\" placeholder=\"Cursos em que se formou (profissionalizante, t\u00e9cnico, tecn\u00f3logo, gradua\u00e7\u00e3o e etc...)\" required><\/textarea><\/div><div id=\"wpforms-173-field_20-container\" class=\"wpforms-field wpforms-field-textarea\" data-field-id=\"20\"><label class=\"wpforms-field-label\" for=\"wpforms-173-field_20\">Cursos complementares<\/label><textarea id=\"wpforms-173-field_20\" class=\"wpforms-field-medium\" name=\"wpforms[fields][20]\" ><\/textarea><div class=\"wpforms-field-description\">Profissionalizantes, Treinamentos, Especializa\u00e7\u00e3o e idiomas<\/div><\/div><div id=\"wpforms-173-field_5-container\" class=\"wpforms-field wpforms-field-textarea\" data-field-id=\"5\"><label class=\"wpforms-field-label\" for=\"wpforms-173-field_5\">Resumo experi\u00eancia de trabalho. <span class=\"wpforms-required-label\">*<\/span><\/label><textarea id=\"wpforms-173-field_5\" class=\"wpforms-field-large wpforms-field-required\" name=\"wpforms[fields][5]\" placeholder=\"Conte-me sobre sua carreira profissional\" required><\/textarea><\/div><div id=\"wpforms-173-field_9-container\" class=\"wpforms-field wpforms-field-textarea\" data-field-id=\"9\"><label class=\"wpforms-field-label\" for=\"wpforms-173-field_9\">Quais suas compet\u00eancias e habilidades? <span class=\"wpforms-required-label\">*<\/span><\/label><textarea id=\"wpforms-173-field_9\" class=\"wpforms-field-medium wpforms-field-required\" name=\"wpforms[fields][9]\" required><\/textarea><\/div><div id=\"wpforms-173-field_21-container\" class=\"wpforms-field wpforms-field-radio\" data-field-id=\"21\"><label class=\"wpforms-field-label\" for=\"wpforms-173-field_21\">Possui carteira de habilita\u00e7\u00e3o? <span class=\"wpforms-required-label\">*<\/span><\/label><ul id=\"wpforms-173-field_21\" class=\"wpforms-field-required\"><li class=\"choice-1 depth-1\"><input type=\"radio\" id=\"wpforms-173-field_21_1\" name=\"wpforms[fields][21]\" value=\"Sim\" required ><label class=\"wpforms-field-label-inline\" for=\"wpforms-173-field_21_1\">Sim<\/label><\/li><li class=\"choice-2 depth-1\"><input type=\"radio\" id=\"wpforms-173-field_21_2\" name=\"wpforms[fields][21]\" value=\"N\u00e3o\" required ><label class=\"wpforms-field-label-inline\" for=\"wpforms-173-field_21_2\">N\u00e3o<\/label><\/li><\/ul><\/div><div id=\"wpforms-173-field_22-container\" class=\"wpforms-field wpforms-field-text\" data-field-id=\"22\"><label class=\"wpforms-field-label\" for=\"wpforms-173-field_22\">Qual categoria?<\/label><input type=\"text\" id=\"wpforms-173-field_22\" class=\"wpforms-field-medium\" name=\"wpforms[fields][22]\" ><\/div><div id=\"wpforms-173-field_6-container\" class=\"wpforms-field wpforms-field-radio\" data-field-id=\"6\"><label class=\"wpforms-field-label\" for=\"wpforms-173-field_6\">Disponibilidade para viajar <span class=\"wpforms-required-label\">*<\/span><\/label><ul id=\"wpforms-173-field_6\" class=\"wpforms-field-required\"><li class=\"choice-1 depth-1\"><input type=\"radio\" id=\"wpforms-173-field_6_1\" name=\"wpforms[fields][6]\" value=\"Sim\" required ><label class=\"wpforms-field-label-inline\" for=\"wpforms-173-field_6_1\">Sim<\/label><\/li><li class=\"choice-2 depth-1\"><input type=\"radio\" id=\"wpforms-173-field_6_2\" name=\"wpforms[fields][6]\" value=\"N\u00e3o\" required ><label class=\"wpforms-field-label-inline\" for=\"wpforms-173-field_6_2\">N\u00e3o<\/label><\/li><\/ul><\/div><div id=\"wpforms-173-field_23-container\" class=\"wpforms-field wpforms-field-text\" data-field-id=\"23\"><label class=\"wpforms-field-label\" for=\"wpforms-173-field_23\">Vaga a interessar? <span class=\"wpforms-required-label\">*<\/span><\/label><input type=\"text\" id=\"wpforms-173-field_23\" class=\"wpforms-field-medium wpforms-field-required\" name=\"wpforms[fields][23]\" required><\/div><\/div><!-- .wpforms-field-container --><div class=\"wpforms-submit-container\" ><input type=\"hidden\" name=\"wpforms[id]\" value=\"173\"><input type=\"hidden\" name=\"page_title\" value=\"\"><input type=\"hidden\" name=\"page_url\" value=\"https:\/\/gpinsp.com.br\/index.php?rest_route=%2Fwp%2Fv2%2Fpages%2F172\"><button type=\"submit\" name=\"wpforms[submit]\" id=\"wpforms-submit-173\" class=\"wpforms-submit\" data-alt-text=\"Enviando...\" data-submit-text=\"Enviar\" aria-live=\"assertive\" value=\"wpforms-submit\">Enviar<\/button><img decoding=\"async\" src=\"https:\/\/gpinsp.com.br\/wp-content\/plugins\/wpforms-lite\/assets\/images\/submit-spin.svg\" class=\"wpforms-submit-spinner\" style=\"display: none;\" width=\"26\" height=\"26\" alt=\"Loading\"><\/div><\/form><\/div>  <!-- .wpforms-container -->\n\n\n<div class=\"wp-block-columns is-layout-flex wp-container-core-columns-is-layout-1 wp-block-columns-is-layout-flex\">\n<div class=\"wp-block-column is-layout-flow wp-block-column-is-layout-flow\"><div class=\"wp-block-image\">\n<figure class=\"aligncenter size-large\"><a href=\"mailto:trabalheconosco@gpinsp.com.br\"><img fetchpriority=\"high\" decoding=\"async\" width=\"1024\" height=\"173\" src=\"https:\/\/gpinsp.com.br\/wp-content\/uploads\/2022\/12\/Inspecao-Montagem.-2256-\u00d7-382-px-1-1024x173.png\" alt=\"\" class=\"wp-image-179\" srcset=\"https:\/\/gpinsp.com.br\/wp-content\/uploads\/2022\/12\/Inspecao-Montagem.-2256-\u00d7-382-px-1-1024x173.png 1024w, https:\/\/gpinsp.com.br\/wp-content\/uploads\/2022\/12\/Inspecao-Montagem.-2256-\u00d7-382-px-1-300x51.png 300w, https:\/\/gpinsp.com.br\/wp-content\/uploads\/2022\/12\/Inspecao-Montagem.-2256-\u00d7-382-px-1-768x130.png 768w, https:\/\/gpinsp.com.br\/wp-content\/uploads\/2022\/12\/Inspecao-Montagem.-2256-\u00d7-382-px-1-1536x260.png 1536w, https:\/\/gpinsp.com.br\/wp-content\/uploads\/2022\/12\/Inspecao-Montagem.-2256-\u00d7-382-px-1-2048x347.png 2048w\" sizes=\"(max-width: 1024px) 100vw, 1024px\" \/><\/a><\/figure><\/div><\/div>\n<\/div>\n","protected":false},"excerpt":{"rendered":"<p>Preencha o formul\u00e1rio e envie seu curr\u00edculo<\/p>\n","protected":false},"author":1,"featured_media":0,"parent":0,"menu_order":0,"comment_status":"closed","ping_status":"closed","template":"","meta":{"om_disable_all_campaigns":false,"_monsterinsights_skip_tracking":false,"_monsterinsights_sitenote_active":false,"_monsterinsights_sitenote_note":"","_monsterinsights_sitenote_category":0,"_joinchat":[],"footnotes":""},"class_list":["post-172","page","type-page","status-publish","hentry"],"aioseo_notices":[],"_links":{"self":[{"href":"https:\/\/gpinsp.com.br\/index.php?rest_route=\/wp\/v2\/pages\/172"}],"collection":[{"href":"https:\/\/gpinsp.com.br\/index.php?rest_route=\/wp\/v2\/pages"}],"about":[{"href":"https:\/\/gpinsp.com.br\/index.php?rest_route=\/wp\/v2\/types\/page"}],"author":[{"embeddable":true,"href":"https:\/\/gpinsp.com.br\/index.php?rest_route=\/wp\/v2\/users\/1"}],"replies":[{"embeddable":true,"href":"https:\/\/gpinsp.com.br\/index.php?rest_route=%2Fwp%2Fv2%2Fcomments&post=172"}],"version-history":[{"count":4,"href":"https:\/\/gpinsp.com.br\/index.php?rest_route=\/wp\/v2\/pages\/172\/revisions"}],"predecessor-version":[{"id":608,"href":"https:\/\/gpinsp.com.br\/index.php?rest_route=\/wp\/v2\/pages\/172\/revisions\/608"}],"wp:attachment":[{"href":"https:\/\/gpinsp.com.br\/index.php?rest_route=%2Fwp%2Fv2%2Fmedia&parent=172"}],"curies":[{"name":"wp","href":"https:\/\/api.w.org\/{rel}","templated":true}]}}